ine i(-4).
15
Let o(x) = x**2 - 10*x + 6. Suppose 54 = p + 47. What is o(p)?
-15
Suppose -3*n - a = -21, 2*n - 19 = -0*n + a. Let m(t) = -t**2 + 6*t + 10. What is m(n)?
-6
Let l(a) = -3*a - 2*a + 2*a + 7. Let t be l(5). Let f be (t/6)/(1/3). Let q(u) = u**3 + 3*u**2 - 4*u - 4. What is q(f)?
-4
Let k(s) = s**2 + 4*s - 23. Let l be k(-6). Let x(c) = c + 14. Determine x(l).
3
Let b = -1 + 4. Suppose -b*c + 3 + 21 = 0. Let w be 10/6*(c + -5). Let t(q) = -2*q + 3. What is t(w)?
-7
Let t(b) = b - 5 + 2*b + 3. Let n be 4 - 0/(1*(-2 + 1)). Determine t(n).
10
Suppose -4 = -7*h + 6*h. Let a(k) = -k**2 + 3*k + 6. Let z(t) = -t**2 + 4*t + 7. Let m(n) = -3*a(n) + 2*z(n). Calculate m(h).
8
Let x(n) be the third derivative of -n**6/120 - n**5/20 + n**4/6 + n**3/2 + 2*n**2. Determine x(-4).
3
Let s(n) be the second derivative of -2*n**3/3 + 3*n**2/2 - 4*n. Give s(2).
-5
Let b = 0 + 1. Let j = 1 + b. Let i(g) = j*g + 2 - 5 - 4 - 5*g. Determine i(-5).
8
Let f(g) = 3*g**3 + 2*g**2 - 1. Let h be f(1). Suppose 0*x = 4*k + x - 9, h*k = -5*x + 29. Let m(i) = -i**3 + 0*i**3 - k + 0*i**3. Calculate m(-2).
7
Let a(j) = 4*j**2 - 2*j + 6. Let q(g) = 3 + 3 + 5 + 7*g**2 - 5*g. Let m(h) = -5*a(h) + 3*q(h). Give m(5).
3
Let s(u) = -8 - 11 + 20 - 6*u. Give s(-2).
13
Let v(m) = m**3 + m**2 - 4*m - 3. Let k = 25 + -27. Give v(k).
1
Let o = 1 - 4. Let u(l) = -l**2 - 2*l + 4. Calculate u(o).
1
Let h(p) be the third derivative of -p**4/24 - p**3/6 + 36*p**2. Calculate h(4).
-5
Let s be 4/10*1*15. Let n be (12/(-9) + 2)*s. Let a(d) = -n*d - 2 + d + 6. Determine a(3).
-5
Let i(j) = -j**3 - j**2 + 1. Let m(x) = -3*x**3 - 3*x**2 + 2*x + 1. Let v(h) = 2*i(h) - m(h). What is v(-2)?
1
Suppose 0*q + 4*q - 12 = 0, 4*b - 3*q - 3 = 0. Let h(j) = -j**2 + 2*j**3 - j**2 - j**3 - 3*j. Give h(b).
0
Let u(v) be the third derivative of v**4/24 + 5*v**3/6 - 7*v**2. Give u(-6).
-1
Suppose 0 = -4*a + 4*o - 36, 0 = 5*a - 5*o + 2*o + 37. Let s(f) = -f**3 - 7*f**2 - 8*f - 4. Determine s(a).
-14
Let w(i) be the first derivative of -4*i - 3 + 4/3*i**3 - 1/4*i**4 - 3/2*i**2. Give w(3).
-4
Let v(f) = -f**3 + f**2 + 7. Let n(k) be the third derivative of -k**6/120 - 11*k**5/60 - 2*k**2. Let w be n(-11). Give v(w).
7
Let o(g) = 18*g + 4*g - 5*g - 3. Let x(d) = 9*d - 2. Let y(j) = 3*o(j) - 5*x(j). Give y(1).
7
Let b(q) = -4*q + 2. Suppose -5*t + 9 = 2*v - 3, -t + 3*v = 1. Give b(t).
-6
Let z(t) = t + 8. Let o = -81 - -71. Calculate z(o).
-2
Let l(d) = 5*d + 1. Let f be l(-1). Let q(y) = y**2. Let k(i) = 6*i**2 + 5*i + 3. Let a(n) = k(n) - 5*q(n). What is a(f)?
-1
Let j = -10 - -4. Let i(f) = -1 - 6 + 2*f - 3*f. Give i(j).
-1
Let l be 9 + -1 + (-24)/8. Let g(z) be the first derivative of z**4/12 - 2*z**3/3 + 4*z + 1. Let t(f) be the first derivative of g(f). What is t(l)?
5
Let b(p) = -p + 10. Let s be b(9). Let r be s*15 + -1 + 1. Let q be r/6*16/10. Let a(k) = -k**3 + 3*k**2 + 4*k - 6. Give a(q).
-6
Let p(g) = 14*g - 20. Let m(s) = -5*s + 7. Let a(j) = -17*m(j) - 6*p(j). Let q(w) = 2 - 3 + w + 3 + 1. Let o be q(-3). Determine a(o).
1
Let f = -47 - -50. Let p(x) = 3*x - 21. Let j(l) = 2 + 5 + 2*l - 3*l. Let k(i) = f*p(i) + 8*j(i). What is k(5)?
-2
Let l be ((-12)/(-14))/((-9)/(-42)). Let n(s) = 3 - 6*s**2 + 2*s**2 + s + s + s**3. Give n(l).
11
Let i = -6 - -4. Let k be (i/4)/(7/(-140)). Let y be (-2)/k - (-26)/5. Let q(a) = a**2 - 5*a + 5. What is q(y)?
5
Let z be (-1 - 0/2) + 1. Suppose z = 3*s - 10 - 2. Let c(k) = k**3 - 5*k**2 + 3*k + 4. Give c(s).
0
Suppose 4*h = c + 10, -2*c + 13 = -3*h + 6*h. Let r(m) be the third derivative of -m**6/120 + m**5/20 + 5*m**4/24 - m**3/2 + m**2. What is r(h)?
12
Let i be 2*6/(-16)*(62 - 54). Let q(j) = -j**2 - 8*j - 6. Determine q(i).
6
Let k(c) = c**2 - 3*c - 3. Let d(j) = -j**2 + 4*j + 2. Let q(z) = -4*d(z) - 3*k(z). Determine q(5).
-9
Let l be (-4)/(-14) - 90/21. Let j(x) = -3*x**3 + 15*x**2 + 7*x - 11. Let b(p) = -p**3 + 7*p**2 + 3*p - 5. Let n(y) = -5*b(y) + 2*j(y). Give n(l).
-9
Let n(f) be the first derivative of 1/2*f**2 - 2*f + 1. Suppose -7 = 5*t + 3. Determine n(t).
-4
Let a(c) = -5*c**2 - 4*c + 2*c**2 - 3*c + 3*c - 4 + c**3. Let t(o) = 4*o**2 + o + 1. Let u be t(-1). Determine a(u).
-4
Let a(s) = -4*s - 2. Suppose w + 1 = -0*w. Let b(d) = -d - 4. Let t be b(-3). Let k = w + t. Give a(k).
6
Let l(p) = -p - 1 + 0*p + 0*p. Let g be 2*1/6*-9. Let x(h) = h**2 + 4*h - 1. Let i be x(g). What is l(i)?
3
Let v(d) be the second derivative of d**3/6 - 5*d**2/2 + 5*d. Let y be v(3). Let w(m) = 3*m**2 + 2*m - 1. Determine w(y).
7
Let c(b) = -9*b. Let p be c(-1). Let s(l) = 5 - l + p - 3. Calculate s(6).
5
Let l(y) = y. Let t(n) = n**2 - 4*n + 2. Let z be t(4). Suppose -z*f + f - 4*j = 20, -j = -3*f - 8. Let x(w) = -4*w. Let h(m) = f*x(m) - 12*l(m). What is h(1)?
4
Let g(i) = -i**2 - 4*i + 1. Suppose -a + 2 - 4 = 0. Determine g(a).
5
Let p(f) = f**2 + 4*f - 3. Suppose 16 = -0*b + 4*b + 2*u, 3*b - 5*u + 14 = 0. Determine p(b).
9
Let h(a) = -a**2 + 6*a + 3. Let d be (2 - 23)*(-2)/6. What is h(d)?
-4
Let x(w) = -w + 12. Let d(m) = 6. Let u(c) = 5*d(c) - 2*x(c). Calculate u(-6).
-6
Let w(o) = o**2 - 7*o + 3. Suppose -19 = -4*t + 4*s + 13, 3*s = -3*t + 6. Calculate w(t).
-7
Suppose 43 = -4*c - 3*k, -2*k - 22 = 4*c + 20. Let x be (-4)/c - 85/25. Let j(o) = o**2 + 4*o + 1. Calculate j(x).
-2
Let l(q) = q**2 + 3*q - 6. Suppose -27*o + 25*o = 12. Calculate l(o).
12
Let g(p) = -5*p**3 - p**2 + 4*p**3 - p + 1 + 2*p**3. Let x be 2*10/4*1. Suppose -k + 4 = 2, 0 = 2*b + x*k - 10. What is g(b)?
1
Let j(v) = -v - 14. Let w be j(-7). Let n(g) = 10*g**3 + 18*g**2 - 4*g + 24. Let r(u) = -7*u**3 - 12*u**2 + 3*u - 16. Let o(a) = w*r(a) - 5*n(a). Give o(-6).
-2
Let h(t) = t. Let p be h(-4). Suppose -u - 2 - 31 = -5*r, u = 3*r - 19. Let i(n) = -9*n - 18. Let x(g) = 4*g + 9. Let l(c) = r*x(c) + 3*i(c). Calculate l(p).
5
Let b(n) = n - 9. Let q = -15 + 23. What is b(q)?
-1
Let v(i) = -1 + 3*i + i - 9*i. Suppose 2*o - 8 = -3*n, 0*n = -4*o - 2*n + 8. Determine v(o).
-6
Let n(h) = -4 + 3 - h + 6*h**2 + 0 + 0. Determine n(-1).
6
Let y be 2/(-5) - (-44)/10. Suppose -5 = p + y*p. Let m(r) be the second derivative of -r**3/6 - 4*r. Give m(p).
1
Let f = -2 + 6. Let j(u) = u**3 + u + 1. Let b(d) = -2*d**3 - 3*d**2 - 6*d - 8. Let w(n) = b(n) + 3*j(n). Determine w(f).
-1
Suppose 2*t - t = a - 3, 15 = -4*a - 5*t. Suppose a = b + 9 - 11. Suppose -5*c - b + 10 = 3*x, -4*c - x = -12. Let l(k) = k**2 - 3*k - 3. Determine l(c).
1
Suppose 3*y = 9*y - 12. Let d(c) = c + 1. What is d(y)?
3
Suppose -2*w + 0 = -10. Let l(s) = 27*s**3 - 28*s**3 - 2*s + 6*s**2 - 2*s + 5. What is l(w)?
10
Let a(y) be the second derivative of -y**3/3 + 20*y. Calculate a(2).
-4
Let o(m) = -6*m**3 + 10*m**2 + 3. Let a(f) = -f**3 + f**2 + f. Let s(i) = -5*a(i) + o(i). What is s(3)?
6
Let v = -4 + 4. Suppose 8 = 5*r - 12. Let z(h) = -h - r + 1 + 2 - 1. Give z(v).
-2
Let v be (3*-2)/3 - -8. Suppose 3*f - v = -s - 3, -2*f + 54 = 5*s. Suppose -s = 3*k - 0*k. Let u(b) = b**3 + 5*b**2 + 4*b + 6. Calculate u(k).
6
Let d(q) be the third derivative of -q**4/8 + q**3/6 - 5*q**2. Calculate d(1).
-2
Let d(k) = 2*k**2 + k**3 - k**2 + 2*k + k**2 + 2 - 2*k**3. Let g be d(3). Let u(y) = 8*y**2 + y. Calculate u(g).
7
Let a(x) be the first derivative of x**5/120 - 5*x**4/24 + 2*x**3/3 + 5. Let v(y) be the third derivative of a(y). Determine v(7).
2
Let o(p) = -2*p**3 + 17*p**2 + 10*p - 4. Let a be o(9). Let h(w) = -w**3 + 5*w**2 - w - 4. Calculate h(a).
-9
Suppose -12*k - 36 - 24 = 0. Let r(c) = -c**2 - 4*c - 7. Give r(k).
-12
Suppose -a + 28 = 3*a + 2*w, -40 = -5*a - 5*w. Let u(r) = -a*r + 8*r + 1 + r**2 + r - 2*r. Determine u(-3).
7
Let j(l) = -8*l - 15. Let m(h) = -23*h - 44. Let t(i) = 17*j(i) - 6*m(i). Let p(f) = -6*f - 26. Let d(g) = 3*p(g) + 8*t(g). Determine d(-4).
2
Let m(j) = 3*j**2 - 4*j + 2. Let s(g) = 4*g**2 - 5*g + 3. Let p(d) = -3*m(d) + 2*s(d). Determine p(2).
0
Let w(f) = 0 + 12*f - 2 - 9*f. Determine w(3).
7
Let t(z) be the first derivative of -z**2/2 - 6*z - 2. Let v be t(-7). Let i = v + -7. Let d(j) = -j**2 - 5*j + 5. Determine d(i).
-1
Let t(j) = -j**3 - 3*j**2 - 2*j. Suppose 3*h - 2*h + 13 = 2*c, -4*h = 5*c. Suppose 0 = a + c*a - 15. Suppose -5*o - a = -3*o + y, -4*y + 4 = 0. What is t(o)?
0
Let g(z) = z + 5. Let k be g(-8). Let t = k +